- 396/84. Let w be r(g). Suppose -3*m = w*q - 517, 0*q = 5*q + 2*m - 1265. Is q composite?
False
Suppose -18*h = b - 22*h - 8793, 5*b - 44075 = -2*h. Is b a prime number?
False
Let z be -1 - (1 + 0) - 87. Suppose -3*d - 13*h = -17*h - 18, -2*d = h + 10. Is (d - z) + (-8)/(-4) a prime number?
True
Suppose 67*i + 72763317 = 313*i + 9708351. Is i a prime number?
False
Suppose 18*d - 47133 = 890928 + 364761. Is d a prime number?
True
Suppose 0 = -5*t - 818 + 6638. Suppose -169 = 14*c + 11269. Let o = t + c. Is o a prime number?
True
Suppose -11700 + 2544 = 6*w. Let s = 4873 + w. Is s a composite number?
False
Let l be (-1149)/(-9) - 20/(-15). Suppose z + 2*q + l = 0, -4*z - 10*q - 506 = -7*q. Let n = z - -342. Is n prime?
False
Suppose -2*b - 3*h = 27, -4*h + 34 = -3*b - 2*h. Let o(g) = -2*g**3 - 5*g**2 - 3*g + 47. Is o(b) a prime number?
True
Suppose 0 = -18*t + 82*t + 135*t - 29488417. Is t a composite number?
True
Suppose -v + 3*c + 301432 = 0, -2*v + 12*c = 11*c - 602889. Is v composite?
False
Suppose 5*w - 29 = -4. Suppose 21 = 2*u + d, -w*u = 4*d - 72 + 12. Is 2/u*(0 - -4772) a prime number?
True
Let i = -15579 + 32978. Is i a prime number?
False
Is 18/99*22 + 1274 + -1 composite?
False
Suppose -33506 = -26*r + 108974. Suppose -5*p = -n - r, n = -3*p + 235 + 3061. Is p a composite number?
False
Suppose -48*o + 40*o - 24 = 0. Is 12/o*(-529)/4 a prime number?
False
Let t(w) = w**2 - 25*w - 146. Let u be t(-5). Is (-9)/(-6)*((-188148)/(-18) + u) prime?
False
Suppose -7*o = -3*o - 2*d - 8388, o + 4*d - 2115 = 0. Suppose -o = -5*n + 4*n. Is n a prime number?
True
Let p = -97 - -278. Suppose v + 2*z + 2*z = p, 0 = -2*v + z + 317. Is v prime?
False
Is (-244*27/108)/(2/(-1042)) a prime number?
False
Let l be 3/(((-4)/(-799 + -1))/(-2)). Suppose 2*v + 6090 = -2*f - 2*f, 0 = -4*f - 4. Let h = l - v. Is h prime?
False
Let x be ((-4)/(-2))/(6/(-675)). Let a = -86 - x. Suppose -u = 12 - a. Is u a composite number?
False
Suppose 49469 + 516701 = 10*n. Is n composite?
True
Let s be 0/(-4 + 8) + 3. Suppose 3*f = 4*u + 4197, s*u - 4*f - 2126 = 5*u. Let k = u - -2168. Is k composite?
True
Let q be (12229/4)/(1/(-8)). Let b = 51675 + q. Is b composite?
True
Suppose -11*j + 25 = 3. Suppose -1225 - 9947 = -4*k - 4*y, j*k + 3*y - 5582 = 0. Is k prime?
True
Suppose -27874 = -43*m + 29*m. Suppose 0 = -4*k + 3*v + 9618 - m, -5*v - 5 = 0. Is k composite?
True
Suppose 4*v + 5*x - 1831 = v, 3*v - 3*x = 1815. Let a(d) = -8*d + 51. Let c be a(6). Suppose 0*i + 5*i - v = -4*h, -c*i = 15. Is h a composite number?
True
Suppose 0 = 194*k - 206*k + 2014332. Is k a composite number?
False
Is -9*(-10)/(-540)*-44994 composite?
False
Let q(r) = -1255*r**2 - 4*r - 16. Let w be q(-2). Let g = -659 - w. Is g a composite number?
True
Suppose -2*b - 10200 = -2*h - 3*h, -4*b = -20. Let v = h + -1099. Is v a composite number?
True
Suppose 0 = 3*s - 59*x + 58*x - 163385, -3*x + 12 = 0. Is s a prime number?
False
Let q(h) = 2*h**3 + 205*h**2 + 230*h - 301. Is q(-90) prime?
True
Is (-10)/36 + (-1)/(-6) - (-120984408)/486 composite?
True
Let z(x) = 136*x + 33. Let h(i) = -68*i - 16. Let q(j) = -7*h(j) - 3*z(j). Is q(8) prime?
True
Let f be ((-24)/4)/(-6) - 1400. Let s = f + 4782. Is s composite?
True
Let a(q) = -q**2 + 12*q - 2. Let z be a(12). Let g be z/7 - 176/(-77). Suppose 4*p - 2791 = -t, -g*p - 3482 = -7*p + t. Is p a prime number?
False
Let b(h) = 11*h**2 - h - 39. Let s be b(8). Let a = s - -16. Is a a prime number?
True
Let t = 25 + -25. Suppose t = -9*l + 3951 + 5094. Is l/(-2)*38/(-57) a prime number?
False
Suppose -4*n - 5*c - 11905 = 20582, -c = -4*n - 32517. Is (-1 + 0)/(n/(-2712) - 3) a prime number?
False
Suppose 0*g = -14*g + 112. Suppose -g*j + 9*j = 0. Is (-1 + j)/((-5)/11245) a composite number?
True
Suppose 0 = -3*l - 9*l - 5478912. Is -2 + (-22)/(-14) - l/84 prime?
False
Let z(j) = j**3 + j**2 + 2*j + 120. Let t be z(0). Let u(q) = t*q + 266*q - 9 - 118*q. Is u(2) prime?
False
Suppose l = -5*l + 312. Is 8/l - 31861/(-13) - -2 composite?
True
Let l(v) = v**3 + 3*v**2 - 2*v - 4. Let s be l(-3). Let m(a) = 2*a + 0*a + a + a**s + 1 - a**3. Is m(-6) a prime number?
False
Suppose -400*h + 171152392 + 133846408 = 0. Is h a prime number?
False
Suppose -28074 = 54*j - 60*j. Let b = 6906 - j. Is b prime?
False
Let d(f) = f**2 - 5*f - 1613. Let k be d(0). Let x = 2508 + k. Is x prime?
False
Let d = 529135 - 1853052. Is d/(-84) + 1/12 a prime number?
True
Let w be (2/4)/(4 - (-1722)/(-432)). Let j(d) = 40*d + 103. Is j(w) a prime number?
True
Let t(j) be the second derivative of -89*j**3/3 + j**2/2 + 11*j. Let x be t(-2). Suppose b = -2*b + x. Is b prime?
False
Suppose 5*y - 824800 = 5*w, -35*y + 659777 = -31*y + 5*w. Is y a composite number?
False
Let q = 350 - 340. Let g(o) = o**3 - 2*o**2 - 28*o + 1. Is g(q) a composite number?
False
Let n(l) = -97480*l - 99. Is n(-2) a prime number?
True
Is (-391076914)/(-1898) - 4/(-26) prime?
True
Suppose -825*z = -829*z + i + 225409, 5*z - 281735 = -4*i. Is z a prime number?
False
Let y = 70807 - 27146. Is y composite?
False
Suppose -12453806 = -44*b - 54*b + 9566304. Is b a prime number?
False
Let v = -263 - -268. Suppose 3927 = v*m - 2*o, o = -0*m - 3*m + 2365. Is m a prime number?
True
Let z(o) = 4505*o - 4. Is z(7) composite?
False
Suppose -1561*a = -1532*a - 482009. Is a prime?
False
Suppose 39 + 31 = -7*m. Is -5*(-22)/275 + (-5326)/m prime?
False
Let h = -1517 - -1521. Let m(b) = -b**2 - 8*b + 3. Let g be m(-8). Suppose -r + 683 = h*v, -g*v + 1198 = 2*r - 178. Is r prime?
True
Suppose -689*d = -687*d - 288142. Is d composite?
False
Let g(s) = 25770*s**2 - 19*s - 37. Is g(-2) composite?
True
Let b be -3251 - (7/(-2) + (-24)/(-48)). Is b/(7 + -14) - -2 prime?
False
Suppose 117 = 3*a - 5502. Suppose 72 = -2*u + 5*q, 4*u + 2*q + 122 = -u. Let d = u + a. Is d a composite number?
False
Suppose 6*q = -55 + 73. Is 2182*1/6 + 4/q a prime number?
False
Let a(u) = 10607*u**2 - 15*u + 2. Let b be a(-2). Suppose 15413 + b = 3*h. Is h prime?
False
Suppose -p + 112984 = 5*g, 0 = -14*g + 10*g - 3*p + 90385. Let z = g - 14084. Is z a composite number?
False
Let n(y) = 277*y + 151. Let l(d) = d**2 - 7*d + 20. Let s be l(8). Is n(s) a prime number?
True
Let n = -63 - -73. Let x(m) = -54*m**2 - 11*m - 2. Let f be x(n). Let q = -3889 - f. Is q composite?
True
Suppose 5*l - 6 = 14. Suppose l*w + 3*v + 57 - 10 = 0, 36 = -3*w - 3*v. Is (557/(-2))/(w/22) a prime number?
True
Suppose 4*b - 24 - 4 = -3*o, 2*b + 8 = 4*o. Suppose 0 = -2*c - b*d, 0 = 5*c - 5*d + 5 - 20. Is 377 - ((-8)/8)/(1/c) composite?
False
Suppose 2*m - 13 = p, -2*m + 5*p - 10*p - 17 = 0. Is m - (-1 + (-4 - 0) - 202) a prime number?
True
Suppose -33*w = -20*w - 1809197. Is w a prime number?
True
Let f(w) = -169*w - 6. Let q(c) = 1. Let x(n) = f(n) - q(n). Is x(-2) prime?
True
Let r(q) = -q**3 + 3*q**2 + 5*q - 4. Let n be 1/((-4)/(-20 - -4)). Let a be r(n). Suppose a = c + 2*c - 1113. Is c composite?
True
Let s(f) = 28*f**2 - 3*f + 1. Let j be s(1). Let w = -22 + j. Suppose 4*i - 4*b - 436 = 0, -b + w*b + 101 = i. Is i composite?
False
Let n(x) = x**2 - 5*x - 2. Let c be n(6). Suppose -2*g - 5*m + 13 = 0, -6*m = 4*g - c*m - 2. Let j(a) = -984*a + 5. Is j(g) composite?
True
Let n(m) = -4*m**2 - m**2 + m**3 + 4*m**2 - 1. Suppose 34*j + 2*u = 35*j - 8, -3*j + 3*u + 27 = 0. Is n(j) composite?
True
Let b(l) = -18*l - 36. Let p be b(-4). Suppose 0 = -32*f + p*f - 6964. Is f a prime number?
True
Suppose -2*g = -s - 83513, 4*g + 57970 = s + 225001. Is g prime?
True
Let a(h) = 14*h + 2. Let r be a(0). Let p be 0 + (18960/(-3))/(-2). Suppose -z + 2*z - 1581 = -r*k, -4*z + p = 4*k. Is k a prime number?
False
Let r(x) = 2*x**3 - 9*x**2 + 18*x - 73. Let w(z) = z**3 - 1. Let q(y) = r(y) - 4*w(y). Is q(-20) prime?
True
Let x = 14706 + -22578. Let j = x - -14941. Is j a composite number?
False
Let t = -107916 - -295265. Is t prime?
True
Let j be -6*8/(-22) - (-4)/(-22). Suppose -j*q = 5*q + 7. Let t = 30 - q. Is t composite?
False
Let n(m) = 2*m**3 - m**2 - m - 3. Let p be n(9). Suppose 0 = -k + 5*s - p, -4*k - 5424 = -2*s - 0*s. Let i = k - -1986. Is i a prime number?
True
Let q be ((-6)/(-18) - (-5962)/6)*1. Let j = q + -332. Is j a composite number?
True
Let s = -716 - -730. Suppose s*h + 23315 = 19*h